s the units digit of f?
8
Let s = 16 + -38. Let c = 39 + s. What is the units digit of c?
7
Let p(j) = -j**3 + 2*j**2 + 2*j + 1. Let c be p(-2). Let h = c + -8. Suppose 5*r - h + 0 = 0. What is the units digit of r?
1
Suppose -1 + 109 = 3*r. What is the tens digit of r?
3
Let c(y) = y**2 + 7*y + 8. What is the units digit of c(-7)?
8
Suppose 4*b - 272 = 352. What is the tens digit of b?
5
Let k be (10/(-8))/((-3)/12). Suppose 16 = 2*v + 4*u - 2*u, -v = -k*u + 16. What is the units digit of v?
4
Suppose 3*k + 162 = -b + 3*b, -316 = -4*b + 2*k. What is the tens digit of b?
7
Let o be (-8)/12 - 28/(-6). Let b(v) = 12*v. Let q be b(1). Suppose -q = -k - o. What is the units digit of k?
8
Let p = -15 + 17. What is the units digit of p?
2
Let y(x) be the second derivative of -x**3/3 - x. Let q be 6/((-4)/6*3). What is the units digit of y(q)?
6
Suppose 3*r - 51 = 2*r. What is the units digit of r?
1
Suppose 5*y + 11 = 51. Suppose -2*k - 2*k - y = 0. What is the units digit of (k + -9)*(-2)/2?
1
Suppose 3*d + 2*d = -25. What is the tens digit of 2 + 22 - (-15)/d?
2
Let b(r) = -r**3 + 5*r**2 + 2*r + 4. What is the tens digit of b(4)?
2
Let k = -100 - -217. What is the units digit of k?
7
Let b = -8 - -9. Let k be 0 - ((b - 3) + -8). What is the tens digit of ((-56)/k)/(4/(-10))?
1
Let j(f) = -3*f**3 - 2*f**2 - 2*f**3 + 3*f**3 + 3. What is the units digit of j(-3)?
9
Suppose 153 + 415 = 4*v. What is the tens digit of v?
4
Suppose -v + 2 + 19 = 4*z, 3*z - 22 = -2*v. Suppose v*j + 6 = -b + 15, -4*j - 46 = -3*b. What is the units digit of b?
4
Suppose 0 = 5*w - 3*u - 21, 30 = 4*w - 0*u + 2*u. Suppose 5*d - 9 = w. What is the units digit of d?
3
What is the units digit of 6/(-4) - (-148)/8?
7
Let h(g) = 2*g**2 + g - 7. What is the units digit of h(5)?
8
Let z(t) = t**2 + 1. What is the units digit of z(0)?
1
Suppose 4*q - 1 - 11 = 0. What is the units digit of ((-2)/5)/(q/(-195))?
6
Suppose 3*z = 3*h - z - 79, -5*h - z = -147. What is the units digit of h?
9
Let b(y) = 5*y**2 + 4. Let r(c) = -c**2 + c - 1. Let n(l) = -b(l) - 4*r(l). Let x be n(-4). Suppose x = -2*h + 4*h - 20. What is the tens digit of h?
1
Suppose 2*l + 680 = 6*l + 5*r, -2*l - 4*r = -340. What is the tens digit of l?
7
Let j(l) = -4*l**3 + 1. What is the tens digit of j(-2)?
3
Suppose -a = -3*a + 8. Let q be (-3)/(-2)*(-4)/(-3). Suppose 0 = a*c - q*f - 18, 2*c - 3*f - 21 = -3*c. What is the units digit of c?
6
Let i(n) = -n - 4. Let f be i(-4). Suppose 0 = -3*v + 4*y + 19 + 6, f = -4*v + 2*y + 40. What is the units digit of v?
1
Suppose -x + 34 + 201 = 0. What is the tens digit of x?
3
Suppose -5*p = -p. Let d be p - -3*(-6)/(-9). What is the units digit of (24/3)/1 - d?
6
Suppose 10*u - 6 = 7*u. What is the units digit of (-102)/(-27) - u/(-9)?
4
Let t(z) = z**3 + 19*z**2 - 27*z + 3. What is the units digit of t(-20)?
3
Let c(q) = -6*q + 33. What is the units digit of c(-14)?
7
Suppose 3*p + 44 = 7*p. What is the tens digit of p?
1
Let n = 3 - -13. What is the tens digit of 0 + (-1 - 2) + n?
1
Let d(k) = -4*k + 3. Let l(n) = 3*n - 3. Let q(o) = -4*d(o) - 5*l(o). Let j be q(-6). Let u = j + 18. What is the tens digit of u?
1
Let t(h) be the third derivative of h**5/60 + h**4/6 + h**3/3 - 3*h**2. Let a be t(-3). What is the units digit of (1 - -2) + (-2)/a?
5
Let o(f) = f**2. Let b be o(-2). Let s = 8 - b. What is the units digit of s?
4
Let b(d) = d**3 - 6*d**2 + 3*d. What is the units digit of b(7)?
0
Let h(q) = q**3 - 7*q**2 + q - 7. Let g be h(7). What is the units digit of (0 + g + 1)/1?
1
Suppose -n - 3 = -45. What is the units digit of n?
2
Let r(s) = s**2 - 3*s + 2. Let o be r(5). Suppose -53 = -5*m + o. What is the tens digit of m?
1
Let i(a) = 14*a**3 - 15*a**2 - 20*a + 11. Let w(z) = 5*z**3 - 5*z**2 - 7*z + 4. Let r(l) = 3*i(l) - 8*w(l). What is the units digit of r(4)?
3
Suppose 4*i + 2*a - 614 = 0, -i + 49 = -4*a - 82. What is the units digit of i?
1
Suppose 0 = -0*v - 2*v + 12. Suppose -2*o + v = o. What is the units digit of o?
2
Suppose 0*x - 3*x - 38 = -5*s, 22 = -5*x - 2*s. Let z be ((-2)/x)/((-2)/(-12)). Suppose 4*i - z*i - 4*v = 50, v - 13 = -i. What is the tens digit of i?
1
Let t(s) = -s**3 + 3*s**2 + 3*s - 2. Let y be t(3). Let a = -5 + y. What is the units digit of 3 + -1 - (-1 + a)?
1
What is the tens digit of 12/5*25/2?
3
Suppose 3*a = -3*q + 573, -9*q + 5*q = -3*a - 757. What is the tens digit of q?
9
Suppose -8 = z - 56. What is the units digit of z?
8
Let p(k) = k**3 - k**2 - 4*k + 6. What is the tens digit of p(4)?
3
Let n = -10 - 15. What is the units digit of 80/6*(-30)/n?
6
Let g(y) be the third derivative of y**5/20 + 13*y**4/24 + 5*y**3/6 + 4*y**2. What is the units digit of g(-5)?
5
Let b(y) = -y**2 - 4*y. Let w = 11 - 14. What is the units digit of b(w)?
3
Suppose 4*b = -12 + 32. Let r(x) = 3*x + b*x - x - 1. What is the units digit of r(1)?
6
Let n = -5 + -1. Let c(r) = 3*r + 6. Let t be c(n). What is the units digit of 1 - (-7)/((-7)/t)?
3
Let k = 3 + -2. Suppose k - 2 = -z. What is the units digit of ((-15)/((-9)/3))/z?
5
Let u(s) = -s + 3. Let m be u(0). What is the units digit of -1 + 5 + m + -3?
4
Suppose 0 = 3*j - 5*j, 5*c - 85 = -j. Suppose -62 + c = -o. Suppose 7*i = 2*i + o. What is the units digit of i?
9
Let f be (0 + -4)*-1 + 0. Suppose 2*y + 4*w - 49 = -9, f*y - 4*w - 44 = 0. What is the units digit of y?
4
Suppose -4*p + 6*p = 30. What is the tens digit of p?
1
Suppose -2*p = -0*p - 342. What is the hundreds digit of p?
1
Let j = -2 - -65. What is the tens digit of j?
6
Suppose 0*n - 3*n - 18 = 0. What is the units digit of (-1)/(-2) - 9/n?
2
Suppose 2*b - 372 = -28. What is the units digit of b?
2
Let c(a) = a**2 + a + 4. Let r be c(-4). Suppose -p + 32 = -4*i + p, 3*p = 2*i + r. What is the tens digit of 44/i*2*-1?
1
Let o(z) = 9*z - 3. Let x(h) = -h**3 + 11*h**2 + 2. Let c be x(11). What is the tens digit of o(c)?
1
Let w be 3*(1 + 0 - 2). Let j(b) = b**2 - 6*b + 2. Let q be j(6). What is the units digit of -2*(w/q + -1)?
5
Suppose 3*k - 28 - 122 = 0. Suppose -2*w = 2*u - k, 0 = -7*w + 2*w - 2*u + 140. What is the tens digit of w?
3
Let b be 12/(-10)*50/(-20). Suppose 5*r = 5*s + 29 + 31, 0 = -b*r + 2*s + 37. What is the units digit of r?
3
Let q be ((-2)/(-7))/((-10)/(-140)). Suppose q*h - 275 = -5*x - 79, 0 = 5*x. What is the tens digit of h?
4
Let j = -150 - -218. What is the units digit of j?
8
Let o(x) = -2*x**2 + 8*x - 4. Let a be o(5). What is the units digit of 2/(-7) + (-256)/a?
8
Let z(h) be the third derivative of h**4/6 + 5*h**3/6 - h**2. What is the units digit of z(6)?
9
Let m(c) = -c - 1. Let n be m(-5). Suppose 5*f - n*b - b = 90, 5*f = b + 102. Suppose -r - f = -4*r. What is the units digit of r?
7
Suppose s = 4*s - 33. Suppose s*k - 35 = 6*k. What is the units digit of k?
7
Suppose -2*f - 2*l = 3*l + 16, -4*l - 14 = f. Let a(x) = 17*x**f - 5*x - 1 + 5*x. What is the tens digit of a(-1)?
1
Suppose -4*u + 18 + 66 = 0. What is the units digit of u?
1
Let u be (-2 + (-39)/(-9))*3. What is the units digit of -3 + u + 1 + -2?
3
Let t(n) = -n**3 + 11*n**2 + 7*n + 1. What is the tens digit of t(11)?
7
Suppose -26 - 211 = 3*v. Let z be (-2)/(-9) - v/9. Suppose 25 = r + z. What is the units digit of r?
6
Suppose 30 = -v + 6*v. Suppose -v*h + h - 45 = 0. Let c = h + 17. What is the units digit of c?
8
Let a(d) = d + 6. Let c be a(-5). Suppose p - 4*h = -1, 5*h = 2*p - 0*h - c. Suppose -4*i = f - 13, -3*f + 13 = -4*i + p*i. What is the units digit of f?
5
Suppose -17*p = -21*p + 852. What is the hundreds digit of p?
2
Let x(u) = -u**3 + 7*u**2 - 5*u - 6. Suppose -p + 5*p - 24 = 0. Let s be x(p). Suppose -j = -s*j - 9. What is the units digit of j?
9
Let o be 4/10 + (-135)/25. Let r = o + 12. Suppose -n + 3*b + 2*b + 8 = 0, -n = -4*b - r. What is the units digit of n?
3
Let x(w) be the first derivative of w**6/360 - w**5/120 - 7*w**4/24 + w**3/3 + 2. Let g(t) be the third derivative of x(t). What is the units digit of g(5)?
3
Suppose 3*v = 5*b + 50, -5*b = 6*v - v - 70. What is the tens digit of v?
1
Let s be (-3)/1*4/(-3). Suppose -2*u - 2*u = 0. Suppose s*p + 20 = u, 5*z - 4*z = 5*p + 32. What is the units digit of z?
7
Let j = 31 - 14. Suppose -1 = 2*c - 5*i - 16, -4*c + 23 = -3*i. Suppose 4*z = -v + j, -c*z + 5*v = 7 - 47